vided by 126?
39
What is the remainder when 2081352 is divided by 520233?
420
Calculate the remainder when 36707855 is divided by 25.
5
What is the remainder when 916804 is divided by 3513?
3424
What is the remainder when 2028898 is divided by 14?
4
Calculate the remainder when 2282260 is divided by 58517.
97
What is the remainder when 1057133 is divided by 3898?
775
What is the remainder when 307771810 is divided by 129?
127
What is the remainder when 181820390 is divided by 1245345?
20
Calculate the remainder when 120554 is divided by 3237.
785
What is the remainder when 11299967 is divided by 11299954?
13
Calculate the remainder when 10381 is divided by 3450.
31
What is the remainder when 1348589 is divided by 28?
25
What is the remainder when 278482 is divided by 221?
22
Calculate the remainder when 134079662 is divided by 17.
16
What is the remainder when 121578 is divided by 679?
37
What is the remainder when 17052276 is divided by 83?
9
What is the remainder when 6012996 is divided by 11?
0
Calculate the remainder when 25240 is divided by 115.
55
Calculate the remainder when 56204384 is divided by 5222.
5220
What is the remainder when 98095 is divided by 545?
540
What is the remainder when 520876 is divided by 884?
200
What is the remainder when 27575138 is divided by 77?
52
What is the remainder when 4174259 is divided by 525?
509
Calculate the remainder when 46749 is divided by 4836.
3225
What is the remainder when 24155417 is divided by 1012?
1001
What is the remainder when 1914875 is divided by 220?
215
What is the remainder when 741754675 is divided by 22?
13
What is the remainder when 2172386 is divided by 3274?
1724
Calculate the remainder when 59741 is divided by 4099.
2355
Calculate the remainder when 20224399 is divided by 12.
7
What is the remainder when 35360 is divided by 4641?
2873
What is the remainder when 37405135 is divided by 429944?
7
Calculate the remainder when 62658 is divided by 4279.
2752
Calculate the remainder when 1009420234 is divided by 14652.
14650
Calculate the remainder when 4663257 is divided by 5025.
57
What is the remainder when 1290277 is divided by 477?
469
Calculate the remainder when 5027534 is divided by 8.
6
Calculate the remainder when 13259 is divided by 2648.
19
What is the remainder when 505382 is divided by 126329?
66
What is the remainder when 3943028 is divided by 1626?
1604
What is the remainder when 37222078 is divided by 30?
28
Calculate the remainder when 1689702870 is divided by 22.
20
Calculate the remainder when 60183 is divided by 5006.
111
Calculate the remainder when 6344 is divided by 2920.
504
What is the remainder when 979561 is divided by 6320?
6281
Calculate the remainder when 40412 is divided by 38328.
2084
What is the remainder when 41813596 is divided by 3963?
3946
What is the remainder when 657391 is divided by 328318?
755
Calculate the remainder when 2887454 is divided by 360928.
30
What is the remainder when 227701 is divided by 7345?
6
What is the remainder when 37821 is divided by 6232?
429
Calculate the remainder when 15689221 is divided by 265919.
0
What is the remainder when 3090487 is divided by 13?
10
What is the remainder when 248953 is divided by 1875?
1453
Calculate the remainder when 12881214 is divided by 56.
38
What is the remainder when 516686 is divided by 9936?
14
What is the remainder when 276540 is divided by 2738?
2
What is the remainder when 1114022 is divided by 189?
56
Calculate the remainder when 123678 is divided by 123622.
56
Calculate the remainder when 14706 is divided by 712.
466
Calculate the remainder when 7715419 is divided by 1928844.
43
Calculate the remainder when 1846102 is divided by 102558.
58
What is the remainder when 671733 is divided by 80?
53
What is the remainder when 25531401 is divided by 4547?
4543
Calculate the remainder when 1654870 is divided by 130.
100
Calculate the remainder when 708185 is divided by 3656.
2577
What is the remainder when 1112504244 is divided by 23?
17
Calculate the remainder when 127089016 is divided by 290.
286
What is the remainder when 12336106 is divided by 28424?
90
Calculate the remainder when 37258596 is divided by 3865.
3861
Calculate the remainder when 97746777 is divided by 283.
275
Calculate the remainder when 1348010 is divided by 19.
17
What is the remainder when 75644524 is divided by 509?
507
Calculate the remainder when 21449 is divided by 6797.
1058
Calculate the remainder when 17622316 is divided by 30.
16
Calculate the remainder when 436201 is divided by 109012.
153
What is the remainder when 42750429 is divided by 14250139?
12
What is the remainder when 1080833 is divided by 46991?
40
What is the remainder when 2232689 is divided by 6891?
5
Calculate the remainder when 343282174 is divided by 1422.
1420
Calculate the remainder when 2268869 is divided by 24.
5
What is the remainder when 47028546 is divided by 294?
12
Calculate the remainder when 39607 is divided by 1783.
381
What is the remainder when 567870 is divided by 283888?
94
Calculate the remainder when 193052 is divided by 192018.
1034
Calculate the remainder when 90212 is divided by 89673.
539
What is the remainder when 35390 is divided by 35022?
368
What is the remainder when 127931 is divided by 58158?
11615
What is the remainder when 78193303 is divided by 543009?
7
What is the remainder when 693530 is divided by 243?
8
What is the remainder when 2527610 is divided by 18?
14
Calculate the remainder when 16218426 is divided by 43481.
13
What is the remainder when 8686 is divided by 8177?
509
What is the remainder when 23049 is divided by 20399?
2650
What is the remainder when 1062621 is divided by 1062338?
283
Calculate the remainder when 243865962 is divided by 1367.
1364
What is the remainder when 97843 is divided by 2125?
93
Calculate the remainder when 8747 is divided by 2364.
1655
What is the remainder when 61276 is divided by 60780?
496
What is the remainder when 32431132 is divided by 196?
188
What is the remainder when 90807 is divided by 30064?
615
What is the remainder when 14887614 is divided by 7561?
5
Calculate the remainder when 33898 is divided by 654.
544
Calculate the remainder when 12592369 is divided by 224.
209
What is the remainder when 913601 is divided by 48055?
556
What is the remainder when 15537569 is divided by 5179188?
5
What is the remainder when 41590258 is divided by 471?
16
Calculate the remainder when 595991 is divided by 416.
279
What is the remainder when 776922 is divided by 2201?
2170
What is the remainder when 576184 is divided by 1286?
56
What is the remainder when 571283 is divided by 18427?
46
Calculate the remainder when 28998 is divided by 805.
18
Calculate the remainder when 12702 is divided by 12656.
46
Calculate the remainder when 68323600 is divided by 296.
288
What is the remainder when 617856051 is divided by 2248?
2243
What is the remainder when 610638 is divided by 1155?
798
What is the remainder when 38135 is divided by 2146?
1653
Calculate the remainder when 3561952 is divided by 197886.
4
What is the remainder when 796982 is divided by 15627?
5
Calculate the remainder when 2893808 is divided by 723449.
12
What is the remainder when 6607304 is divided by 296?
288
What is the remainder when 64850 is divided by 32079?
692
Calculate the remainder when 20604006 is divided by 624.
150
What is the remainder when 516006 is divided by 309?
285
Calculate the remainder when 3083286 is divided by 1203.
1200
What is the remainder when 12771236 is divided by 204?
20
What is the remainder when 31136094 is divided by 163?
160
What is the remainder when 43357 is divided by 6134?
419
Calculate the remainder when 47121 is divided by 15675.
96
What is the remainder when 3039933 is divided by 304?
237
What is the remainder when 28000646 is divided by 2545511?
25
What is the remainder when 31208597 is divided by 2680?
2677
What is the remainder when 1594358 is divided by 531326?
380
What is the remainder when 3508170 is divided by 289?
288
Calculate the remainder when 5446549313 is divided by 14053.
14050
Calculate the remainder when 4054704 is divided by 2555.
2474
What is the remainder when 138377 is divided by 17284?
105
Calculate the remainder when 13750754 is divided by 6875374